Last updated on 2024-08-15 12:48:38 CEST.
Flavor | Version | Tinstall | Tcheck | Ttotal | Status | Flags |
---|---|---|---|---|---|---|
r-devel-linux-x86_64-debian-clang | 1.1.0 | 2.61 | 187.00 | 189.61 | OK | |
r-devel-linux-x86_64-debian-gcc | 1.1.0 | 1.82 | 110.29 | 112.11 | OK | |
r-devel-linux-x86_64-fedora-clang | 1.1.0 | 313.41 | NOTE | |||
r-devel-linux-x86_64-fedora-gcc | 1.1.0 | 337.99 | NOTE | |||
r-devel-windows-x86_64 | 1.1.0 | 4.00 | 170.00 | 174.00 | OK | |
r-patched-linux-x86_64 | 1.1.0 | 2.60 | 173.94 | 176.54 | OK | |
r-release-linux-x86_64 | 1.1.0 | 2.29 | 177.42 | 179.71 | OK | |
r-release-macos-arm64 | 1.1.0 | 82.00 | OK | |||
r-release-macos-x86_64 | 1.1.0 | 131.00 | OK | |||
r-release-windows-x86_64 | 1.1.0 | 4.00 | 165.00 | 169.00 | OK | |
r-oldrel-macos-arm64 | 1.1.0 | 86.00 | OK | |||
r-oldrel-macos-x86_64 | 1.1.0 | 169.00 | OK | |||
r-oldrel-windows-x86_64 | 1.1.0 | 5.00 | 234.00 | 239.00 | OK |
Version: 1.1.0
Check: dependencies in R code
Result: NOTE
Namespaces in Imports field not imported from:
‘devtools’ ‘mathjaxr’
All declared Imports should be used.
Flavors: r-devel-linux-x86_64-fedora-clang, r-devel-linux-x86_64-fedora-gcc