Last updated on 2024-08-15 12:48:37 CEST.
Flavor | Version | Tinstall | Tcheck | Ttotal | Status | Flags |
---|---|---|---|---|---|---|
r-devel-linux-x86_64-debian-clang | 1.1.4 | 79.75 | 385.78 | 465.53 | OK | |
r-devel-linux-x86_64-debian-gcc | 1.1.4 | 52.59 | 258.85 | 311.44 | OK | |
r-devel-linux-x86_64-fedora-clang | 1.1.4 | 677.91 | OK | |||
r-devel-linux-x86_64-fedora-gcc | 1.1.4 | 799.09 | OK | |||
r-devel-windows-x86_64 | 1.1.4 | 78.00 | 372.00 | 450.00 | OK | |
r-patched-linux-x86_64 | 1.1.4 | 73.99 | 350.64 | 424.63 | OK | |
r-release-linux-x86_64 | 1.1.4 | 70.86 | 353.52 | 424.38 | OK | |
r-release-macos-arm64 | 1.1.4 | 193.00 | NOTE | |||
r-release-macos-x86_64 | 1.1.4 | 272.00 | NOTE | |||
r-release-windows-x86_64 | 1.1.4 | 79.00 | 369.00 | 448.00 | OK | |
r-oldrel-macos-arm64 | 1.1.4 | 201.00 | NOTE | |||
r-oldrel-macos-x86_64 | 1.1.4 | 493.00 | NOTE | |||
r-oldrel-windows-x86_64 | 1.1.4 | 102.00 | 491.00 | 593.00 | OK |
Version: 1.1.4
Check: installed package size
Result: NOTE
installed size is 7.7Mb
sub-directories of 1Mb or more:
doc 1.4Mb
libs 5.7Mb
Flavors: r-release-macos-arm64, r-release-macos-x86_64, r-oldrel-macos-arm64, r-oldrel-macos-x86_64