Last updated on 2025-07-18 18:51:25 CEST.
Flavor | Version | Tinstall | Tcheck | Ttotal | Status | Flags |
---|---|---|---|---|---|---|
r-devel-linux-x86_64-debian-clang | 0.2-3 | 1303.91 | 204.58 | 1508.49 | OK | |
r-devel-linux-x86_64-debian-gcc | 0.2-3 | 1193.78 | 229.43 | 1423.21 | OK | |
r-devel-linux-x86_64-fedora-clang | 0.2-3 | 2295.45 | OK | |||
r-devel-linux-x86_64-fedora-gcc | 0.2-3 | 3170.71 | OK | |||
r-devel-windows-x86_64 | 0.2-3 | 1338.00 | 331.00 | 1669.00 | OK | |
r-patched-linux-x86_64 | 0.2-3 | 1507.00 | 316.20 | 1823.20 | OK | |
r-release-linux-x86_64 | 0.2-3 | 1492.16 | 316.80 | 1808.96 | OK | |
r-release-macos-arm64 | 0.2-3 | 447.00 | OK | |||
r-release-macos-x86_64 | 0.2-3 | 428.00 | OK | |||
r-release-windows-x86_64 | 0.2-3 | 1348.00 | 322.00 | 1670.00 | OK | |
r-oldrel-macos-arm64 | 0.2-3 | 509.00 | NOTE | |||
r-oldrel-macos-x86_64 | 0.2-3 | 513.00 | NOTE | |||
r-oldrel-windows-x86_64 | 0.2-3 | 1522.00 | 396.00 | 1918.00 | NOTE |
Version: 0.2-3
Check: installed package size
Result: NOTE
installed size is 161.2Mb
sub-directories of 1Mb or more:
libs 160.2Mb
Flavors: r-oldrel-macos-arm64, r-oldrel-macos-x86_64, r-oldrel-windows-x86_64
Version: 0.2-3
Check: for GNU extensions in Makefiles
Result: NOTE
GNU make is a SystemRequirements.
Flavors: r-oldrel-macos-arm64, r-oldrel-macos-x86_64, r-oldrel-windows-x86_64