Last updated on 2025-07-17 09:51:00 CEST.
Flavor | Version | Tinstall | Tcheck | Ttotal | Status | Flags |
---|---|---|---|---|---|---|
r-devel-linux-x86_64-debian-clang | 1.0.0 | 28.66 | 24.80 | 53.46 | OK | |
r-devel-linux-x86_64-debian-gcc | 1.0.0 | 24.30 | 20.70 | 45.00 | OK | |
r-devel-linux-x86_64-fedora-clang | 1.0.0 | 91.53 | OK | |||
r-devel-linux-x86_64-fedora-gcc | 1.0.0 | 97.26 | OK | |||
r-devel-windows-x86_64 | 1.0.0 | 33.00 | 72.00 | 105.00 | OK | |
r-patched-linux-x86_64 | 1.0.0 | 33.09 | 23.03 | 56.12 | OK | |
r-release-linux-x86_64 | 1.0.0 | 34.03 | 22.64 | 56.67 | OK | |
r-release-macos-arm64 | 1.0.0 | 29.00 | OK | |||
r-release-macos-x86_64 | 1.0.0 | 49.00 | OK | |||
r-release-windows-x86_64 | 1.0.0 | 32.00 | 77.00 | 109.00 | OK | |
r-oldrel-macos-arm64 | 1.0.0 | 28.00 | NOTE | |||
r-oldrel-macos-x86_64 | 1.0.0 | 41.00 | NOTE | |||
r-oldrel-windows-x86_64 | 1.0.0 | 41.00 | 84.00 | 125.00 | OK |
Version: 1.0.0
Check: installed package size
Result: NOTE
installed size is 14.7Mb
sub-directories of 1Mb or more:
libs 14.6Mb
Flavors: r-oldrel-macos-arm64, r-oldrel-macos-x86_64