CRAN Package Check Results for Package RWeka

Last updated on 2025-07-18 18:51:26 CEST.

Flavor Version Tinstall Tcheck Ttotal Status Flags
r-devel-linux-x86_64-debian-clang 0.4-46 8.46 85.42 93.88 OK
r-devel-linux-x86_64-debian-gcc 0.4-46 6.85 66.21 73.06 OK
r-devel-linux-x86_64-fedora-clang 0.4-46 149.95 NOTE
r-devel-linux-x86_64-fedora-gcc 0.4-46 157.90 NOTE
r-devel-windows-x86_64 0.4-46 8.00 126.00 134.00 OK
r-patched-linux-x86_64 0.4-46 8.36 83.91 92.27 OK
r-release-linux-x86_64 0.4-46 7.75 82.76 90.51 OK
r-release-macos-arm64 0.4-46 56.00 NOTE
r-release-macos-x86_64 0.4-46 95.00 NOTE
r-release-windows-x86_64 0.4-46 8.00 112.00 120.00 OK
r-oldrel-macos-arm64 0.4-46 49.00 OK
r-oldrel-macos-x86_64 0.4-46 71.00 OK
r-oldrel-windows-x86_64 0.4-46 11.00 127.00 138.00 OK

Check Details

Version: 0.4-46
Check: tests
Result: NOTE Running ‘data_exchange.R’ Comparing ‘data_exchange.Rout’ to ‘data_exchange.Rout.save’ ...136c136 < 1 2012-12-12 12:12:12 2012-12-12 12:12:12 --- > 1 2012-12-12 12:12:12 2012-12-12 13:12:12 159c159 < 1 2012-12-12 12:12:12 2012-12-12 12:12:12 --- > 1 2012-12-12 12:12:12 2012-12-12 13:12:12 Flavors: r-devel-linux-x86_64-fedora-clang, r-devel-linux-x86_64-fedora-gcc

Version: 0.4-46
Check: tests
Result: NOTE Running ‘data_exchange.R’ [1s/1s] Comparing ‘data_exchange.Rout’ to ‘data_exchange.Rout.save’ ...136c136 < 1 2012-12-12 12:12:12 2012-12-13 01:12:12 --- > 1 2012-12-12 12:12:12 2012-12-12 13:12:12 159c159 < 1 2012-12-12 12:12:12 2012-12-13 01:12:12 --- > 1 2012-12-12 12:12:12 2012-12-12 13:12:12 Flavor: r-release-macos-arm64

Version: 0.4-46
Check: tests
Result: NOTE Running ‘data_exchange.R’ [2s/1s] Comparing ‘data_exchange.Rout’ to ‘data_exchange.Rout.save’ ...136c136 < 1 2012-12-12 12:12:12 2012-12-12 07:12:12 --- > 1 2012-12-12 12:12:12 2012-12-12 13:12:12 159c159 < 1 2012-12-12 12:12:12 2012-12-12 07:12:12 --- > 1 2012-12-12 12:12:12 2012-12-12 13:12:12 Flavor: r-release-macos-x86_64