Last updated on 2025-07-20 04:51:12 CEST.
Flavor | Version | Tinstall | Tcheck | Ttotal | Status | Flags |
---|---|---|---|---|---|---|
r-devel-linux-x86_64-debian-clang | 0.1.9 | 105.16 | 44.87 | 150.03 | NOTE | |
r-devel-linux-x86_64-debian-gcc | 0.1.9 | 72.00 | 34.51 | 106.51 | NOTE | |
r-devel-linux-x86_64-fedora-clang | 0.1.9 | 308.26 | NOTE | |||
r-devel-linux-x86_64-fedora-gcc | 0.1.9 | 255.94 | NOTE | |||
r-devel-windows-x86_64 | 0.1.9 | 123.00 | 91.00 | 214.00 | NOTE | |
r-patched-linux-x86_64 | 0.1.9 | 99.90 | 40.98 | 140.88 | NOTE | |
r-release-linux-x86_64 | 0.1.9 | 102.42 | 41.04 | 143.46 | NOTE | |
r-release-macos-arm64 | 0.1.9 | 85.00 | NOTE | |||
r-release-macos-x86_64 | 0.1.9 | 109.00 | NOTE | |||
r-release-windows-x86_64 | 0.1.9 | 119.00 | 89.00 | 208.00 | NOTE | |
r-oldrel-macos-arm64 | 0.1.9 | 72.00 | NOTE | |||
r-oldrel-macos-x86_64 | 0.1.9 | 114.00 | NOTE | |||
r-oldrel-windows-x86_64 | 0.1.9 | 148.00 | 114.00 | 262.00 | NOTE |
Version: 0.1.9
Check: C++ specification
Result: NOTE
Specified C++11: please drop specification unless essential
Flavors: r-devel-linux-x86_64-debian-clang, r-devel-linux-x86_64-debian-gcc, r-devel-linux-x86_64-fedora-clang, r-devel-linux-x86_64-fedora-gcc, r-devel-windows-x86_64, r-patched-linux-x86_64, r-release-linux-x86_64, r-release-macos-arm64, r-release-macos-x86_64, r-release-windows-x86_64, r-oldrel-macos-arm64, r-oldrel-macos-x86_64, r-oldrel-windows-x86_64