Last updated on 2025-07-16 03:50:37 CEST.
Flavor | Version | Tinstall | Tcheck | Ttotal | Status | Flags |
---|---|---|---|---|---|---|
r-devel-linux-x86_64-debian-clang | 1.3.0 | 49.85 | 95.16 | 145.01 | OK | |
r-devel-linux-x86_64-debian-gcc | 1.3.0 | 39.61 | 67.33 | 106.94 | OK | |
r-devel-linux-x86_64-fedora-clang | 1.3.0 | 223.99 | OK | |||
r-devel-linux-x86_64-fedora-gcc | 1.3.0 | 256.51 | OK | |||
r-devel-windows-x86_64 | 1.3.0 | 56.00 | 142.00 | 198.00 | OK | |
r-patched-linux-x86_64 | 1.3.0 | 53.54 | 89.53 | 143.07 | OK | |
r-release-linux-x86_64 | 1.3.0 | 53.93 | 90.20 | 144.13 | OK | |
r-release-macos-arm64 | 1.3.0 | 105.00 | OK | |||
r-release-macos-x86_64 | 1.3.0 | 190.00 | OK | |||
r-release-windows-x86_64 | 1.3.0 | 57.00 | 140.00 | 197.00 | OK | |
r-oldrel-macos-arm64 | 1.3.0 | 77.00 | NOTE | |||
r-oldrel-macos-x86_64 | 1.3.0 | 114.00 | NOTE | |||
r-oldrel-windows-x86_64 | 1.3.0 | 65.00 | 173.00 | 238.00 | NOTE |
Version: 1.3.0
Check: installed package size
Result: NOTE
installed size is 10.5Mb
sub-directories of 1Mb or more:
doc 2.4Mb
libs 7.1Mb
Flavors: r-oldrel-macos-arm64, r-oldrel-macos-x86_64, r-oldrel-windows-x86_64