CRAN Package Check Results for Package MIGEE

Last updated on 2025-07-18 18:51:18 CEST.

Flavor Version Tinstall Tcheck Ttotal Status Flags
r-devel-linux-x86_64-debian-clang 0.1.0 13.91 105.87 119.78 NOTE
r-devel-linux-x86_64-debian-gcc 0.1.0 9.57 74.94 84.51 NOTE
r-devel-linux-x86_64-fedora-clang 0.1.0 194.72 NOTE
r-devel-linux-x86_64-fedora-gcc 0.1.0 186.83 NOTE
r-devel-windows-x86_64 0.1.0 16.00 104.00 120.00 NOTE
r-patched-linux-x86_64 0.1.0 13.37 99.63 113.00 NOTE
r-release-linux-x86_64 0.1.0 12.05 99.24 111.29 NOTE
r-release-macos-arm64 0.1.0 48.00 NOTE
r-release-macos-x86_64 0.1.0 92.00 NOTE
r-release-windows-x86_64 0.1.0 14.00 104.00 118.00 NOTE
r-oldrel-macos-arm64 0.1.0 52.00 OK
r-oldrel-macos-x86_64 0.1.0 73.00 OK
r-oldrel-windows-x86_64 0.1.0 21.00 133.00 154.00 OK

Check Details

Version: 0.1.0
Check: DESCRIPTION meta-information
Result: NOTE Missing dependency on R >= 4.1.0 because package code uses the pipe |> or function shorthand \(...) syntax added in R 4.1.0. File(s) using such syntax: ‘flexImputeModel.R’ Flavors: r-devel-linux-x86_64-debian-clang, r-devel-linux-x86_64-debian-gcc, r-devel-linux-x86_64-fedora-clang, r-devel-linux-x86_64-fedora-gcc, r-devel-windows-x86_64, r-patched-linux-x86_64, r-release-linux-x86_64, r-release-macos-arm64, r-release-macos-x86_64, r-release-windows-x86_64