CRAN Package Check Results for Package ISS

Last updated on 2025-07-18 18:51:16 CEST.

Flavor Version Tinstall Tcheck Ttotal Status Flags
r-devel-linux-x86_64-debian-clang 1.0.0 2.45 23.11 25.56 NOTE
r-devel-linux-x86_64-debian-gcc 1.0.0 1.60 18.99 20.59 NOTE
r-devel-linux-x86_64-fedora-clang 1.0.0 38.73 OK
r-devel-linux-x86_64-fedora-gcc 1.0.0 36.12 OK
r-devel-windows-x86_64 1.0.0 4.00 45.00 49.00 OK
r-patched-linux-x86_64 1.0.0 2.01 22.08 24.09 OK
r-release-linux-x86_64 1.0.0 1.95 21.62 23.57 OK
r-release-macos-arm64 1.0.0 19.00 OK
r-release-macos-x86_64 1.0.0 26.00 OK
r-release-windows-x86_64 1.0.0 4.00 45.00 49.00 OK
r-oldrel-macos-arm64 1.0.0 18.00 OK
r-oldrel-macos-x86_64 1.0.0 24.00 OK
r-oldrel-windows-x86_64 1.0.0 4.00 50.00 54.00 OK

Check Details

Version: 1.0.0
Check: CRAN incoming feasibility
Result: NOTE Maintainer: ‘Manuel M. Müller <mm2559@cam.ac.uk>’ The Description field contains Reeve, Cannings and Samworth (2023) <arXiv:2305.04852v2>. Please refer to arXiv e-prints via their arXiv DOI <doi:10.48550/arXiv.YYMM.NNNNN>. Flavors: r-devel-linux-x86_64-debian-clang, r-devel-linux-x86_64-debian-gcc