Last updated on 2025-07-18 18:51:15 CEST.
Flavor | Version | Tinstall | Tcheck | Ttotal | Status | Flags |
---|---|---|---|---|---|---|
r-devel-linux-x86_64-debian-clang | 7.3.2 | 20.76 | 370.93 | 391.69 | OK | |
r-devel-linux-x86_64-debian-gcc | 7.3.2 | 14.93 | 242.33 | 257.26 | OK | |
r-devel-linux-x86_64-fedora-clang | 7.3.2 | 619.91 | OK | |||
r-devel-linux-x86_64-fedora-gcc | 7.3.2 | 621.00 | OK | |||
r-devel-windows-x86_64 | 7.3.2 | 26.00 | 418.00 | 444.00 | OK | |
r-patched-linux-x86_64 | 7.3.2 | 21.29 | 353.23 | 374.52 | OK | |
r-release-linux-x86_64 | 7.3.2 | 20.52 | 357.70 | 378.22 | OK | |
r-release-macos-arm64 | 7.3.2 | 193.00 | OK | |||
r-release-macos-x86_64 | 7.3.2 | 337.00 | OK | |||
r-release-windows-x86_64 | 7.3.2 | 27.00 | 408.00 | 435.00 | OK | |
r-oldrel-macos-arm64 | 7.3.2 | 176.00 | NOTE | |||
r-oldrel-macos-x86_64 | 7.3.2 | 529.00 | NOTE | |||
r-oldrel-windows-x86_64 | 7.3.2 | 35.00 | 514.00 | 549.00 | OK |
Version: 7.3.2
Check: package dependencies
Result: NOTE
Package suggested but not available for checking: ‘Rmpi’
Flavors: r-oldrel-macos-arm64, r-oldrel-macos-x86_64