Last updated on 2025-07-18 18:51:15 CEST.
Flavor | Version | Tinstall | Tcheck | Ttotal | Status | Flags |
---|---|---|---|---|---|---|
r-devel-linux-x86_64-debian-clang | 1.0.0 | 18.54 | 146.98 | 165.52 | OK | |
r-devel-linux-x86_64-debian-gcc | 1.0.0 | 12.60 | 103.68 | 116.28 | OK | |
r-devel-linux-x86_64-fedora-clang | 1.0.0 | 258.23 | OK | |||
r-devel-linux-x86_64-fedora-gcc | 1.0.0 | 248.78 | OK | |||
r-devel-windows-x86_64 | 1.0.0 | 19.00 | 127.00 | 146.00 | OK | |
r-patched-linux-x86_64 | 1.0.0 | 17.85 | 136.63 | 154.48 | OK | |
r-release-linux-x86_64 | 1.0.0 | 16.27 | 134.90 | 151.17 | OK | |
r-release-macos-arm64 | 1.0.0 | 4.00 | ERROR | |||
r-release-macos-x86_64 | 1.0.0 | 6.00 | ERROR | |||
r-release-windows-x86_64 | 1.0.0 | 18.00 | 127.00 | 145.00 | OK | |
r-oldrel-macos-arm64 | 1.0.0 | 9.00 | ERROR | |||
r-oldrel-macos-x86_64 | 1.0.0 | 141.00 | OK | |||
r-oldrel-windows-x86_64 | 1.0.0 | 22.00 | 165.00 | 187.00 | OK |
Version: 1.0.0
Check: package dependencies
Result: ERROR
Package required but not available: ‘org.Mm.eg.db’
See section ‘The DESCRIPTION file’ in the ‘Writing R Extensions’
manual.
Flavors: r-release-macos-arm64, r-release-macos-x86_64, r-oldrel-macos-arm64