Last updated on 2024-06-27 20:49:09 CEST.
Flavor | Version | Tinstall | Tcheck | Ttotal | Status | Flags |
---|---|---|---|---|---|---|
r-devel-linux-x86_64-debian-clang | 0.0.5 | NOTE | ||||
r-devel-linux-x86_64-debian-gcc | 0.0.5 | 383.21 | 134.00 | 517.21 | NOTE | |
r-devel-linux-x86_64-fedora-clang | 0.0.5 | 717.81 | NOTE | |||
r-devel-linux-x86_64-fedora-gcc | 0.0.5 | 1005.48 | NOTE | |||
r-devel-windows-x86_64 | 0.0.5 | 350.00 | 157.00 | 507.00 | NOTE | |
r-patched-linux-x86_64 | 0.0.5 | 324.98 | 174.92 | 499.90 | NOTE | |
r-release-linux-x86_64 | 0.0.5 | 346.57 | 175.93 | 522.50 | NOTE | |
r-release-macos-arm64 | 0.0.5 | 190.00 | NOTE | |||
r-release-macos-x86_64 | 0.0.5 | 177.00 | NOTE | |||
r-release-windows-x86_64 | 0.0.5 | 337.00 | 159.00 | 496.00 | NOTE | |
r-oldrel-macos-arm64 | 0.0.5 | 182.00 | NOTE | |||
r-oldrel-macos-x86_64 | 0.0.5 | 262.00 | NOTE | |||
r-oldrel-windows-x86_64 | 0.0.5 | 443.00 | 202.00 | 645.00 | NOTE |
Version: 0.0.5
Check: for GNU extensions in Makefiles
Result: NOTE
GNU make is a SystemRequirements.
Flavors: r-devel-linux-x86_64-debian-clang, r-devel-linux-x86_64-debian-gcc, r-devel-linux-x86_64-fedora-clang, r-devel-linux-x86_64-fedora-gcc, r-devel-windows-x86_64, r-patched-linux-x86_64, r-release-linux-x86_64, r-release-macos-arm64, r-release-macos-x86_64, r-release-windows-x86_64, r-oldrel-macos-arm64, r-oldrel-macos-x86_64, r-oldrel-windows-x86_64
Version: 0.0.5
Check: installed package size
Result: NOTE
installed size is 67.2Mb
sub-directories of 1Mb or more:
libs 66.9Mb
Flavors: r-release-macos-arm64, r-release-macos-x86_64, r-oldrel-macos-arm64, r-oldrel-macos-x86_64