CRAN Package Check Results for Package GSED

Last updated on 2025-07-18 18:51:15 CEST.

Flavor Version Tinstall Tcheck Ttotal Status Flags
r-devel-linux-x86_64-debian-clang 2.6 7.56 61.43 68.99 NOTE
r-devel-linux-x86_64-debian-gcc 2.6 5.79 48.08 53.87 NOTE
r-devel-linux-x86_64-fedora-clang 2.6 103.91 OK
r-devel-linux-x86_64-fedora-gcc 2.6 100.96 OK
r-devel-windows-x86_64 2.6 9.00 70.00 79.00 OK
r-patched-linux-x86_64 2.6 8.34 58.72 67.06 OK
r-release-linux-x86_64 2.6 7.69 58.66 66.35 OK
r-release-macos-arm64 2.6 35.00 OK
r-release-macos-x86_64 2.6 61.00 OK
r-release-windows-x86_64 2.6 9.00 72.00 81.00 OK
r-oldrel-macos-arm64 2.6 32.00 OK
r-oldrel-macos-x86_64 2.6 47.00 OK
r-oldrel-windows-x86_64 2.6 11.00 88.00 99.00 OK

Check Details

Version: 2.6
Check: CRAN incoming feasibility
Result: NOTE Maintainer: ‘Marie-Karelle Riviere <eldamjh@gmail.com>’ No Authors@R field in DESCRIPTION. Please add one, modifying Authors@R: person(given = "Marie-Karelle", family = "Riviere", role = c("aut", "cre"), email = "eldamjh@gmail.com") as necessary. Flavors: r-devel-linux-x86_64-debian-clang, r-devel-linux-x86_64-debian-gcc