CRAN Package Check Results for Package GEInfo

Last updated on 2025-07-18 18:51:14 CEST.

Flavor Version Tinstall Tcheck Ttotal Status Flags
r-devel-linux-x86_64-debian-clang 1.0 5.41 41.82 47.23 NOTE
r-devel-linux-x86_64-debian-gcc 1.0 3.30 30.49 33.79 NOTE
r-devel-linux-x86_64-fedora-clang 1.0 70.02 OK
r-devel-linux-x86_64-fedora-gcc 1.0 68.77 OK
r-devel-windows-x86_64 1.0 8.00 58.00 66.00 OK
r-patched-linux-x86_64 1.0 5.45 38.40 43.85 OK
r-release-linux-x86_64 1.0 4.83 38.55 43.38 OK
r-release-macos-arm64 1.0 28.00 OK
r-release-macos-x86_64 1.0 48.00 OK
r-release-windows-x86_64 1.0 6.00 57.00 63.00 OK
r-oldrel-macos-arm64 1.0 22.00 OK
r-oldrel-macos-x86_64 1.0 37.00 OK
r-oldrel-windows-x86_64 1.0 8.00 67.00 75.00 OK

Check Details

Version: 1.0
Check: CRAN incoming feasibility
Result: NOTE Maintainer: ‘Xiaoyan Wang <xywang@hnu.edu.cn>’ No Authors@R field in DESCRIPTION. Please add one, modifying Authors@R: c(person(given = "Xiaoyan", family = "Wang", role = c("aut", "cre"), email = "xywang@hnu.edu.cn"), person(given = "Hongduo", family = "Liu", role = "aut"), person(given = "Shuangge", family = "Ma", role = "aut")) as necessary. Flavors: r-devel-linux-x86_64-debian-clang, r-devel-linux-x86_64-debian-gcc