Last updated on 2025-07-20 00:48:26 CEST.
Flavor | Version | Tinstall | Tcheck | Ttotal | Status | Flags |
---|---|---|---|---|---|---|
r-devel-linux-x86_64-debian-clang | 1.0.1 | 35.06 | 69.40 | 104.46 | NOTE | |
r-devel-linux-x86_64-debian-gcc | 1.0.1 | 27.01 | 51.39 | 78.40 | NOTE | |
r-devel-linux-x86_64-fedora-clang | 1.0.1 | 204.03 | OK | |||
r-devel-linux-x86_64-fedora-gcc | 1.0.1 | 172.38 | OK | |||
r-devel-windows-x86_64 | 1.0.1 | 43.00 | 116.00 | 159.00 | OK | |
r-patched-linux-x86_64 | 1.0.1 | 42.70 | 66.92 | 109.62 | OK | |
r-release-linux-x86_64 | 1.0.1 | 37.78 | 66.53 | 104.31 | OK | |
r-release-macos-arm64 | 1.0.1 | 50.00 | OK | |||
r-release-macos-x86_64 | 1.0.1 | 83.00 | OK | |||
r-release-windows-x86_64 | 1.0.1 | 44.00 | 105.00 | 149.00 | OK | |
r-oldrel-macos-arm64 | 1.0.1 | 46.00 | OK | |||
r-oldrel-macos-x86_64 | 1.0.1 | 77.00 | OK | |||
r-oldrel-windows-x86_64 | 1.0.1 | 53.00 | 136.00 | 189.00 | OK |
Version: 1.0.1
Check: CRAN incoming feasibility
Result: NOTE
Maintainer: ‘David P. Hofmeyr <dhofmeyr@sun.ac.za>’
No Authors@R field in DESCRIPTION.
Please add one, modifying
Authors@R: person(given = c("David", "P."),
family = "Hofmeyr",
role = c("aut", "cre"),
email = "dhofmeyr@sun.ac.za")
as necessary.
Flavors: r-devel-linux-x86_64-debian-clang, r-devel-linux-x86_64-debian-gcc