Last updated on 2025-07-18 18:51:13 CEST.
Flavor | Version | Tinstall | Tcheck | Ttotal | Status | Flags |
---|---|---|---|---|---|---|
r-devel-linux-x86_64-debian-clang | 1.3.4 | 13.42 | 166.51 | 179.93 | OK | |
r-devel-linux-x86_64-debian-gcc | 1.3.4 | 7.41 | 111.29 | 118.70 | OK | |
r-devel-linux-x86_64-fedora-clang | 1.3.4 | 277.10 | OK | |||
r-devel-linux-x86_64-fedora-gcc | 1.3.4 | 273.89 | OK | |||
r-devel-windows-x86_64 | 1.3.4 | 17.00 | 195.00 | 212.00 | OK | |
r-patched-linux-x86_64 | 1.3.4 | 13.98 | 151.26 | 165.24 | OK | |
r-release-linux-x86_64 | 1.3.4 | 10.99 | 152.09 | 163.08 | OK | |
r-release-macos-arm64 | 1.3.4 | 126.00 | OK | |||
r-release-macos-x86_64 | 1.3.4 | 248.00 | OK | |||
r-release-windows-x86_64 | 1.3.4 | 16.00 | 219.00 | 235.00 | OK | |
r-oldrel-macos-arm64 | 1.3.4 | 75.00 | NOTE | |||
r-oldrel-macos-x86_64 | 1.3.4 | 208.00 | NOTE | |||
r-oldrel-windows-x86_64 | 1.3.4 | 21.00 | 258.00 | 279.00 | NOTE |
Version: 1.3.4
Check: installed package size
Result: NOTE
installed size is 6.9Mb
sub-directories of 1Mb or more:
data 2.4Mb
doc 3.9Mb
Flavors: r-oldrel-macos-arm64, r-oldrel-macos-x86_64, r-oldrel-windows-x86_64