Last updated on 2025-07-12 18:49:39 CEST.
Flavor | Version | Tinstall | Tcheck | Ttotal | Status | Flags |
---|---|---|---|---|---|---|
r-devel-linux-x86_64-debian-clang | 0.3.0 | 12.87 | 93.18 | 106.05 | NOTE | |
r-devel-linux-x86_64-debian-gcc | 0.3.0 | 8.37 | 66.63 | 75.00 | NOTE | |
r-devel-linux-x86_64-fedora-clang | 0.3.0 | 166.84 | OK | |||
r-devel-linux-x86_64-fedora-gcc | 0.3.0 | 149.91 | OK | |||
r-devel-windows-x86_64 | 0.3.0 | 14.00 | 99.00 | 113.00 | OK | |
r-patched-linux-x86_64 | 0.3.0 | 12.42 | 83.95 | 96.37 | OK | |
r-release-linux-x86_64 | 0.3.0 | 11.89 | 85.52 | 97.41 | OK | |
r-release-macos-arm64 | 0.3.0 | 47.00 | OK | |||
r-release-macos-x86_64 | 0.3.0 | 78.00 | OK | |||
r-release-windows-x86_64 | 0.3.0 | 14.00 | 98.00 | 112.00 | OK | |
r-oldrel-macos-arm64 | 0.3.0 | 47.00 | OK | |||
r-oldrel-macos-x86_64 | 0.3.0 | 67.00 | OK | |||
r-oldrel-windows-x86_64 | 0.3.0 | 20.00 | 126.00 | 146.00 | OK |
Version: 0.3.0
Check: CRAN incoming feasibility
Result: NOTE
Maintainer: ‘Sowmya Chandrasekaran <sowzz.17@gmail.com>’
Package CITATION file contains call(s) to old-style personList() or
as.personList(). Please use c() on person objects instead.
Flavors: r-devel-linux-x86_64-debian-clang, r-devel-linux-x86_64-debian-gcc