Last updated on 2024-06-19 05:56:35 CEST.
Flavor | Version | Tinstall | Tcheck | Ttotal | Status | Flags |
---|---|---|---|---|---|---|
r-devel-linux-x86_64-debian-clang | 2.4.0 | 48.19 | 723.67 | 771.86 | OK | |
r-devel-linux-x86_64-debian-gcc | 2.4.0 | 37.85 | 523.48 | 561.33 | OK | |
r-devel-linux-x86_64-fedora-clang | 2.4.0 | 948.25 | OK | |||
r-devel-linux-x86_64-fedora-gcc | 2.4.0 | 939.77 | OK | |||
r-devel-windows-x86_64 | 2.4.0 | 42.00 | 550.00 | 592.00 | OK | |
r-patched-linux-x86_64 | 2.4.0 | 38.08 | 689.06 | 727.14 | OK | |
r-release-linux-x86_64 | 2.4.0 | 30.90 | 703.07 | 733.97 | OK | |
r-release-macos-arm64 | 2.4.0 | 235.00 | OK | |||
r-release-macos-x86_64 | 2.4.0 | 390.00 | OK | |||
r-release-windows-x86_64 | 2.4.0 | 41.00 | 549.00 | 590.00 | OK | |
r-oldrel-macos-arm64 | 2.4.0 | 209.00 | OK | |||
r-oldrel-macos-x86_64 | 2.4.0 | 462.00 | OK | |||
r-oldrel-windows-x86_64 | 2.4.0 | 54.00 | 733.00 | 787.00 | NOTE |
Version: 2.4.0
Check: installed package size
Result: NOTE
installed size is 5.0Mb
sub-directories of 1Mb or more:
doc 2.8Mb
libs 1.0Mb
Flavor: r-oldrel-windows-x86_64