CRAN Package Check Results for Package Distributacalcul

Last updated on 2025-07-18 18:51:12 CEST.

Flavor Version Tinstall Tcheck Ttotal Status Flags
r-devel-linux-x86_64-debian-clang 0.4.0 4.61 35.12 39.73 OK
r-devel-linux-x86_64-debian-gcc 0.4.0 3.24 26.72 29.96 OK
r-devel-linux-x86_64-fedora-clang 0.4.0 61.82 NOTE
r-devel-linux-x86_64-fedora-gcc 0.4.0 56.79 NOTE
r-devel-windows-x86_64 0.4.0 6.00 59.00 65.00 OK
r-patched-linux-x86_64 0.4.0 5.24 32.30 37.54 OK
r-release-linux-x86_64 0.4.0 3.32 31.47 34.79 OK
r-release-macos-arm64 0.4.0 26.00 OK
r-release-macos-x86_64 0.4.0 39.00 OK
r-release-windows-x86_64 0.4.0 6.00 60.00 66.00 OK
r-oldrel-macos-arm64 0.4.0 22.00 OK
r-oldrel-macos-x86_64 0.4.0 31.00 OK
r-oldrel-windows-x86_64 0.4.0 7.00 66.00 73.00 OK

Check Details

Version: 0.4.0
Check: dependencies in R code
Result: NOTE Namespaces in Imports field not imported from: ‘dplyr’ ‘rlang’ All declared Imports should be used. Flavors: r-devel-linux-x86_64-fedora-clang, r-devel-linux-x86_64-fedora-gcc