CRAN Package Check Results for Package DiceEval

Last updated on 2025-07-17 09:50:48 CEST.

Flavor Version Tinstall Tcheck Ttotal Status Flags
r-devel-linux-x86_64-debian-clang 1.6.1 3.17 30.16 33.33 NOTE
r-devel-linux-x86_64-debian-gcc 1.6.1 2.52 23.50 26.02 NOTE
r-devel-linux-x86_64-fedora-clang 1.6.1 51.84 OK
r-devel-linux-x86_64-fedora-gcc 1.6.1 47.65 OK
r-devel-windows-x86_64 1.6.1 4.00 60.00 64.00 OK
r-patched-linux-x86_64 1.6.1 3.23 29.06 32.29 OK
r-release-linux-x86_64 1.6.1 2.95 28.53 31.48 OK
r-release-macos-arm64 1.6.1 21.00 OK
r-release-macos-x86_64 1.6.1 33.00 OK
r-release-windows-x86_64 1.6.1 4.00 51.00 55.00 OK
r-oldrel-macos-arm64 1.6.1 18.00 OK
r-oldrel-macos-x86_64 1.6.1 28.00 OK
r-oldrel-windows-x86_64 1.6.1 4.00 58.00 62.00 OK

Check Details

Version: 1.6.1
Check: CRAN incoming feasibility
Result: NOTE Maintainer: ‘C. Helbert <Celine.Helbert@ec-lyon.fr>’ No Authors@R field in DESCRIPTION. Please add one, modifying Authors@R: c(person(given = "D.", family = "Dupuy", role = "aut"), person(given = "C.", family = "Helbert", role = c("aut", "cre"), email = "celine.helbert@ec-lyon.fr")) as necessary. Flavors: r-devel-linux-x86_64-debian-clang, r-devel-linux-x86_64-debian-gcc