CRAN Package Check Results for Package DOS2

Last updated on 2025-07-18 18:51:12 CEST.

Flavor Version Tinstall Tcheck Ttotal Status Flags
r-devel-linux-x86_64-debian-clang 0.5.2 2.38 32.03 34.41 NOTE
r-devel-linux-x86_64-debian-gcc 0.5.2 2.19 24.97 27.16 NOTE
r-devel-linux-x86_64-fedora-clang 0.5.2 53.87 OK
r-devel-linux-x86_64-fedora-gcc 0.5.2 51.81 OK
r-devel-windows-x86_64 0.5.2 5.00 57.00 62.00 OK
r-patched-linux-x86_64 0.5.2 2.84 30.62 33.46 OK
r-release-linux-x86_64 0.5.2 2.30 30.02 32.32 OK
r-release-macos-arm64 0.5.2 24.00 OK
r-release-macos-x86_64 0.5.2 35.00 OK
r-release-windows-x86_64 0.5.2 5.00 58.00 63.00 OK
r-oldrel-macos-arm64 0.5.2 20.00 OK
r-oldrel-macos-x86_64 0.5.2 29.00 OK
r-oldrel-windows-x86_64 0.5.2 5.00 66.00 71.00 OK

Check Details

Version: 0.5.2
Check: CRAN incoming feasibility
Result: NOTE Maintainer: ‘Paul Rosenbaum <rosenbaum@wharton.upenn.edu>’ No Authors@R field in DESCRIPTION. Please add one, modifying Authors@R: c(person(given = c("Paul", "R."), family = "Rosenbaum", role = "aut"), person(given = "Paul", family = "Rosenbaum", role = "cre", email = "rosenbaum@wharton.upenn.edu")) as necessary. Flavors: r-devel-linux-x86_64-debian-clang, r-devel-linux-x86_64-debian-gcc