Last updated on 2025-07-18 18:51:11 CEST.
Flavor | Version | Tinstall | Tcheck | Ttotal | Status | Flags |
---|---|---|---|---|---|---|
r-devel-linux-x86_64-debian-clang | 1.1.2 | 25.25 | 52.50 | 77.75 | NOTE | |
r-devel-linux-x86_64-debian-gcc | 1.1.2 | 17.07 | 37.78 | 54.85 | NOTE | |
r-devel-linux-x86_64-fedora-clang | 1.1.2 | 142.28 | NOTE | |||
r-devel-linux-x86_64-fedora-gcc | 1.1.2 | 125.71 | NOTE | |||
r-devel-windows-x86_64 | 1.1.2 | 31.00 | 90.00 | 121.00 | NOTE | |
r-patched-linux-x86_64 | 1.1.2 | 25.29 | 49.33 | 74.62 | NOTE | |
r-release-linux-x86_64 | 1.1.2 | 23.83 | 49.08 | 72.91 | NOTE | |
r-release-macos-arm64 | 1.1.2 | 38.00 | NOTE | |||
r-release-macos-x86_64 | 1.1.2 | 80.00 | NOTE | |||
r-release-windows-x86_64 | 1.1.2 | 32.00 | 92.00 | 124.00 | NOTE | |
r-oldrel-macos-arm64 | 1.1.2 | 36.00 | NOTE | |||
r-oldrel-macos-x86_64 | 1.1.2 | 53.00 | NOTE | |||
r-oldrel-windows-x86_64 | 1.1.2 | 38.00 | 110.00 | 148.00 | NOTE |
Version: 1.1.2
Check: C++ specification
Result: NOTE
Specified C++11: please drop specification unless essential
Flavors: r-devel-linux-x86_64-debian-clang, r-devel-linux-x86_64-debian-gcc, r-devel-linux-x86_64-fedora-clang, r-devel-linux-x86_64-fedora-gcc, r-devel-windows-x86_64, r-patched-linux-x86_64, r-release-linux-x86_64, r-release-macos-arm64, r-release-macos-x86_64, r-release-windows-x86_64, r-oldrel-macos-arm64, r-oldrel-macos-x86_64, r-oldrel-windows-x86_64