CRAN Package Check Results for Package CancerGram

Last updated on 2025-07-16 03:50:26 CEST.

Flavor Version Tinstall Tcheck Ttotal Status Flags
r-devel-linux-x86_64-debian-clang 1.0.0 12.39 97.61 110.00 NOTE
r-devel-linux-x86_64-debian-gcc 1.0.0 8.23 71.67 79.90 NOTE
r-devel-linux-x86_64-fedora-clang 1.0.0 174.48 OK
r-devel-linux-x86_64-fedora-gcc 1.0.0 173.46 OK
r-devel-windows-x86_64 1.0.0 14.00 99.00 113.00 OK
r-patched-linux-x86_64 1.0.0 11.92 90.37 102.29 OK
r-release-linux-x86_64 1.0.0 12.14 90.28 102.42 OK
r-release-macos-arm64 1.0.0 46.00 OK
r-release-macos-x86_64 1.0.0 85.00 OK
r-release-windows-x86_64 1.0.0 13.00 99.00 112.00 OK
r-oldrel-macos-arm64 1.0.0 47.00 OK
r-oldrel-macos-x86_64 1.0.0 70.00 OK
r-oldrel-windows-x86_64 1.0.0 17.00 122.00 139.00 OK

Check Details

Version: 1.0.0
Check: CRAN incoming feasibility
Result: NOTE Maintainer: ‘Michal Burdukiewicz <michalburdukiewicz@gmail.com>’ Package CITATION file contains call(s) to old-style citEntry(). Please use bibentry() instead. Flavors: r-devel-linux-x86_64-debian-clang, r-devel-linux-x86_64-debian-gcc