CRAN Package Check Results for Package BH

Last updated on 2025-07-20 00:48:21 CEST.

Flavor Version Tinstall Tcheck Ttotal Status Flags
r-devel-linux-x86_64-debian-clang 1.87.0-1 4.80 40.23 45.03 OK
r-devel-linux-x86_64-debian-gcc 1.87.0-1 4.39 32.83 37.22 OK
r-devel-linux-x86_64-fedora-clang 1.87.0-1 66.36 OK
r-devel-linux-x86_64-fedora-gcc 1.87.0-1 66.07 OK
r-devel-windows-x86_64 1.87.0-1 77.00 56.00 133.00 OK
r-patched-linux-x86_64 1.87.0-1 6.23 38.18 44.41 OK
r-release-linux-x86_64 1.87.0-1 4.37 37.63 42.00 OK
r-release-macos-arm64 1.87.0-1 63.00 OK
r-release-macos-x86_64 1.87.0-1 126.00 OK
r-release-windows-x86_64 1.87.0-1 82.00 72.00 154.00 OK
r-oldrel-macos-arm64 1.87.0-1 63.00 NOTE
r-oldrel-macos-x86_64 1.87.0-1 124.00 NOTE
r-oldrel-windows-x86_64 1.87.0-1 94.00 73.00 167.00 NOTE

Check Details

Version: 1.87.0-1
Check: installed package size
Result: NOTE installed size is 166.1Mb sub-directories of 1Mb or more: include 166.0Mb Flavors: r-oldrel-macos-arm64, r-oldrel-macos-x86_64, r-oldrel-windows-x86_64